4 - -107?
2a931b
In base 6, what is -5 - -5341031325?
5341031320
In base 6, what is -12420131140 + 4?
-12420131132
In base 12, what is 3 - -3990b7?
3990ba
In base 9, what is 1083215 + -2?
1083213
In base 16, what is 1 + 21ff4a?
21ff4b
In base 2, what is 101001100 - -1100001111011100?
1100010100101000
In base 5, what is 101 + -114401334?
-114401233
In base 11, what is 5 - 300381?
-300377
In base 9, what is 7785576 - -1?
7785577
In base 14, what is 467dd9 - -6?
468001
In base 13, what is -220 - -311414?
3111c4
In base 6, what is -14 - -45414032?
45414014
In base 4, what is 1103123330221 + 0?
1103123330221
In base 16, what is 1 - -3edfbd?
3edfbe
In base 12, what is a8 - -104966?
104a52
In base 2, what is 1001110101101010111001001 - -11?
1001110101101010111001100
In base 7, what is 2 + -5265226643?
-5265226641
In base 11, what is 5 - -14a6646?
14a6650
In base 3, what is -2222101112121011 - -12?
-2222101112120222
In base 14, what is -2 + -5c5640c?
-5c56410
In base 11, what is -29995 - 12?
-299a7
In base 6, what is 235 - 10542135?
-10541500
In base 9, what is -1216132 + -323?
-1216455
In base 10, what is 501 + 470553?
471054
In base 2, what is 10100001 + -1100101101110110001?
-1100101101100010000
In base 5, what is -4 + 1324321413?
1324321404
In base 10, what is -1 + 92704142?
92704141
In base 15, what is -2 - -c8dc19?
c8dc17
In base 4, what is 3133133 - 13311130?
-10111331
In base 14, what is 12c0088 - -2c?
12c00b6
In base 5, what is 300032 - 331141?
-31104
In base 14, what is 16937262 + 3?
16937265
In base 11, what is -9 + 432406?
4323a8
In base 4, what is 220221 - 1121?
213100
In base 16, what is -111 - -1c953?
1c842
In base 13, what is -504 - -6ab5?
65b1
In base 6, what is 22 + -21353230?
-21353204
In base 8, what is -16536472 - 370?
-16537062
In base 12, what is a1a439 - -14?
a1a451
In base 14, what is c + -50162?
-50154
In base 10, what is 37045 - -1612?
38657
In base 5, what is -210200033011 + -2?
-210200033013
In base 13, what is 2123a8 - 49?
21235c
In base 11, what is 485600 - 439?
485172
In base 16, what is 1b57eab4 + 1?
1b57eab5
In base 11, what is -3726a9 + 504?
-3721a5
In base 16, what is 35 + 15411a?
15414f
In base 6, what is 14112520515 + 2?
14112520521
In base 2, what is -101000001101000111000 + -10?
-101000001101000111010
In base 5, what is 403033 + 113144?
1021232
In base 14, what is 6 + -1262829?
-1262823
In base 16, what is -637e32 - b?
-637e3d
In base 11, what is -3 - 282306?
-282309
In base 13, what is 88abc6 + -5?
88abc1
In base 5, what is 43113402 - 4?
43113343
In base 13, what is 8b57 + 158?
8cb2
In base 8, what is 2734041 + -5?
2734034
In base 12, what is 97319a - -43?
973221
In base 9, what is -377333303 - -5?
-377333287
In base 6, what is -132222134 + 3?
-132222131
In base 9, what is -3208 + 330143?
325834
In base 16, what is -56 + -406a9?
-406ff
In base 6, what is -1243012 - 1501?
-1244513
In base 7, what is -5 + 4126436415?
4126436410
In base 14, what is 84 + -157599?
-157515
In base 7, what is 30 + 14146363?
14146423
In base 7, what is 5 + -23043162?
-23043154
In base 13, what is 21c048 + 26?
21c071
In base 13, what is -8920284c + -2?
-89202851
In base 2, what is -100010101010100111111 - 1?
-100010101010101000000
In base 14, what is -3a - 2a59?
-2a95
In base 7, what is -105431525 - 56?
-105431614
In base 2, what is -101011011010101 + 11111?
-101011010110110
In base 2, what is -110000001101011 - -111011011101101?
1011010000010
In base 5, what is -204400020 - 244?
-204400314
In base 10, what is 6568 - -4637?
11205
In base 6, what is 203011 - -234453?
441504
In base 12, what is -19856 - 76?
-19910
In base 15, what is -47ae - 230c?
-6abb
In base 2, what is 1 + -101000111001101110000101?
-101000111001101110000100
In base 6, what is -1 - 15444325010?
-15444325011
In base 12, what is 21 - 99460a?
-9945a9
In base 14, what is 15c + c72bc?
c743a
In base 10, what is -3549855 + 36?
-3549819
In base 5, what is -314403402220 - 0?
-314403402220
In base 12, what is -370a8 + -208?
-372b4
In base 12, what is -44575 + 40?
-44535
In base 8, what is 1311404171 + -3?
1311404166
In base 10, what is -335 + -216766?
-217101
In base 3, what is -2011002 - 221110011?
-1000121020
In base 13, what is 5 + -81ac18?
-81ac13
In base 5, what is 1320223 + -244?
1314424
In base 2, what is -100110101001100111100111 + -100?
-100110101001100111101011
In base 5, what is -23 + -3234224113?
-3234224141
In base 14, what is 10 + -13d69?
-13d59
In base 9, what is -18478585 + -1?
-18478586
In base 10, what is -236 - -307851?
307615
In base 9, what is 141083 - -48?
141142
In base 7, what is 255 + -2416142?
-2415554
In base 8, what is 300402 - -127?
300531
In base 16, what is -184245cf + -4?
-184245d3
In base 14, what is 9 - 7d45ba?
-7d45b1
In base 2, what is 1000 - -10010100000111010111?
10010100000111011111
In base 9, what is 6431528 - 13?
6431515
In base 5, what is -24142 + 241124?
211432
In base 5, what is 4432331 - -442?
4433323
In base 3, what is -10001011212201202 - 1001?
-10001011212202210
In base 6, what is 2 + -12315200?
-12315154
In base 6, what is 1122014342 - -20?
1122014402
In base 8, what is 232 - -67770?
70222
In base 6, what is 30 + -135312544?
-135312514
In base 8, what is -127576160 - 3?
-127576163
In base 3, what is 12 - -1212201222011210?
1212201222011222
In base 11, what is -482a317a + 2?
-482a3178
In base 13, what is -2ca83b - 1a?
-2ca858
In base 14, what is -3a + 20b001?
20ada5
In base 11, what is 8960a1 + 1?
8960a2
In base 8, what is -643 + -16363?
-17226
In base 6, what is -2005 - 305514?
-311523
In base 4, what is 100331202 + -1012?
100330130
In base 4, what is -13021 - 1003131010?
-1003210031
In base 11, what is 4330 - 160643?
-157313
In base 14, what is -1d - -130721?
130702
In base 11, what is 30a05023 - -2?
30a05025
In base 12, what is -48 - -75382?
75336
In base 6, what is -2030 - -1303015?
1300545
In base 15, what is 128e7d2 - -3?
128e7d5
In base 7, what is -102 + 1565344?
1565242
In base 8, what is -266772441 - 0?
-266772441
In base 2, what is 1111000011010100000011 - -10010?
1111000011010100010101
In base 9, what is 54 - -160541?
160605
In base 15, what is 7b1ec6 - -2?
7b1ec8
In base 8, what is -72574 + -1537?
-74333
In base 3, what is 11100020221 - -122?
11100021120
In base 5, what is 10 + -122430210012?
-122430210002
In base 3, what is 1000 + -222022121222?
-222022120222
In base 12, what is 4 + -25152038?
-25152034
In base 13, what is -116 - 47c140?
-47c256
In base 12, what is 3 - -3804b208?
3804b20b
In base 4, what is -1321033110 + 11130?
-1321021320
In base 13, what is 22 - -105881?
1058a3
In base 2, what is 1 + -110111110110010010?
-110111110110010001
In base 6, what is -4 + 20154411555?
20154411551
In base 3, what is 10020 - 101101121200?
-101101111110
In base 4, what is -210220 - 220312?
-1031132
In base 2, what is -1001101111001101110 - 11000010010?
-1001110010010000000
In base 12, what is 10 - 2a283b9?
-2a283a9
In base 5, what is 3 + 13232022243?
13232022301
In base 7, what is -10033265 - 1615?
-10035213
In base 16, what is -9f592 + 10?
-9f582
In base 11, what is 41168a - 2?
411688
In base 15, what is 15d406 - 37?
15d3be
In base 6, what is 10 - 45044205?
-45044155
In base 10, what is -12639 - 17?
-12656
In base 7, what is -32562332 + -16?
-32562351
In base 12, what is -25124b + 25?
-251226
In base 12, what is 7a + -21447?
-21389
In base 3, what is 110122010102 - 212?
110122002120
In base 8, what is 352465 + -156?
352307
In base 13, what is -ba3 + -445?
-1318
In base 2, what is -1101010111100 - -10101001?
-1101000010011
In base 6, what is -351010330 - 0?
-351010330
In base 2, what is 100 + 1010111101100011011111011?
1010111101100011011111111
In base 16, what is -5 - 6f4508b?
-6f45090
In base 11, what is 39935578 - 10?
39935568
In base 16, what is 25 + 11ea5?
11eca
In base 15, what is -8 - 2139bee?
-2139c07
In base 3, what is 22 + -1110212020020?
-1110212012221
In base 9, what is 41 + 70254?
70305
In base 3, what is -1121212102120201 + 11?
-1121212102120120
In base 10, what is 5156 - 116091?
-110935
In base 2, what is 110100111100 + -11000110100101?
-10010001101001
In base 16, what is -2 - -5cc63?
5cc61
In base 4, what is 30203023001 - 1122?
30203021213
In base 8, what is 1 - 201066016?
-201066015
In base 13, what is -27